ate the highest common factor of 21 and 357.
21
What is the greatest common divisor of 3 and 12?
3
What is the highest common divisor of 3 and 537?
3
What is the greatest common divisor of 17693 and 65?
13
Calculate the highest common divisor of 26 and 325.
13
Calculate the greatest common divisor of 44 and 462.
22
What is the highest common factor of 4 and 47?
1
What is the greatest common divisor of 40 and 360?
40
Calculate the greatest common factor of 12 and 156.
12
Calculate the highest common divisor of 220 and 3410.
110
What is the highest common divisor of 1 and 41?
1
Calculate the greatest common divisor of 147 and 42.
21
Calculate the highest common divisor of 216 and 156.
12
Calculate the greatest common factor of 450 and 13000.
50
What is the highest common divisor of 156 and 12?
12
Calculate the greatest common divisor of 340 and 5420.
20
What is the greatest common factor of 1104 and 24?
24
What is the greatest common factor of 12 and 76?
4
Calculate the greatest common factor of 72 and 1656.
72
Calculate the highest common divisor of 4 and 34.
2
What is the greatest common factor of 603 and 90?
9
What is the greatest common factor of 20 and 10?
10
What is the highest common factor of 52 and 91?
13
Calculate the highest common factor of 808 and 24.
8
Calculate the highest common factor of 462 and 42273.
231
What is the highest common divisor of 893 and 19?
19
What is the highest common divisor of 55389 and 111?
111
Calculate the greatest common factor of 138 and 230.
46
Calculate the highest common factor of 6762 and 552.
138
Calculate the greatest common factor of 144 and 414.
18
Calculate the highest common divisor of 3640 and 715.
65
What is the greatest common divisor of 28 and 658?
14
Calculate the greatest common divisor of 174 and 116.
58
What is the greatest common divisor of 468 and 2704?
52
What is the greatest common divisor of 1085 and 315?
35
Calculate the greatest common divisor of 9 and 201.
3
What is the greatest common divisor of 5225 and 1375?
275
What is the greatest common factor of 3088 and 64?
16
What is the highest common factor of 35 and 7315?
35
What is the highest common factor of 2256 and 24?
24
What is the highest common factor of 2225 and 801?
89
Calculate the highest common factor of 3419 and 104.
13
Calculate the highest common factor of 57 and 133.
19
Calculate the greatest common divisor of 330 and 49665.
165
What is the greatest common factor of 13 and 6227?
13
What is the greatest common divisor of 338 and 4?
2
Calculate the greatest common factor of 1230 and 60.
30
Calculate the highest common divisor of 372 and 3565.
31
Calculate the greatest common factor of 147 and 28371.
147
What is the highest common factor of 464 and 551?
29
Calculate the greatest common divisor of 18 and 342.
18
Calculate the greatest common divisor of 68454 and 18.
18
Calculate the greatest common factor of 190 and 10.
10
Calculate the greatest common factor of 91 and 42.
7
Calculate the highest common divisor of 410 and 240.
10
What is the greatest common divisor of 1400 and 20?
20
What is the greatest common factor of 75 and 2175?
75
What is the highest common factor of 178 and 61054?
178
What is the highest common factor of 51 and 136?
17
Calculate the highest common divisor of 14179 and 11.
11
What is the greatest common factor of 3280 and 1040?
80
Calculate the highest common factor of 630 and 1512.
126
Calculate the highest common factor of 4 and 892.
4
What is the highest common divisor of 38 and 399?
19
What is the greatest common divisor of 2619 and 270?
27
What is the greatest common divisor of 702 and 270?
54
Calculate the greatest common factor of 972 and 24.
12
Calculate the highest common divisor of 215 and 15.
5
Calculate the highest common factor of 21076 and 22.
22
Calculate the greatest common divisor of 2508 and 132.
132
What is the greatest common factor of 1088 and 442?
34
Calculate the greatest common factor of 89 and 3293.
89
What is the greatest common divisor of 262 and 18995?
131
Calculate the highest common divisor of 589 and 38.
19
What is the highest common divisor of 6556 and 704?
44
What is the greatest common factor of 1026 and 9?
9
Calculate the greatest common factor of 128 and 48.
16
Calculate the greatest common factor of 555 and 111.
111
Calculate the highest common factor of 28 and 44.
4
Calculate the highest common divisor of 21 and 4809.
21
Calculate the greatest common divisor of 46 and 253.
23
Calculate the greatest common divisor of 19942 and 236.
118
What is the greatest common factor of 104 and 1508?
52
Calculate the greatest common divisor of 352 and 104.
8
Calculate the greatest common divisor of 9447 and 670.
67
Calculate the greatest common divisor of 37 and 925.
37
What is the greatest common factor of 18 and 138?
6
Calculate the highest common factor of 2856 and 182.
14
What is the highest common divisor of 564 and 12?
12
What is the greatest common divisor of 23 and 299?
23
What is the greatest common divisor of 1188 and 44?
44
Calculate the highest common factor of 10 and 95.
5
Calculate the greatest common factor of 66 and 143.
11
What is the greatest common factor of 21 and 9?
3
Calculate the greatest common factor of 164 and 451.
41
What is the greatest common divisor of 28 and 1036?
28
What is the highest common factor of 44 and 172?
4
What is the greatest common factor of 219 and 292?
73
What is the highest common factor of 43639 and 151?
151
What is the highest common factor of 100 and 260?
20
What is the greatest common factor of 1521 and 1352?
169
Calculate the greatest common divisor of 21 and 2121.
21
What is the greatest common factor of 78 and 30?
6
What is the highest common divisor of 17 and 51?
17
What is the highest common divisor of 43 and 2021?
43
What is the greatest common divisor of 56 and 12?
4
What is the highest common divisor of 74 and 1961?
37
What is the highest common factor of 11413 and 202?
101
What is the highest common divisor of 638 and 11?
11
What is the greatest common factor of 268 and 62980?
268
What is the highest common divisor of 20 and 1680?
20
What is the greatest common factor of 21 and 273?
21
Calculate the greatest common factor of 402 and 1474.
134
What is the greatest common divisor of 600 and 72?
24
Calculate the highest common divisor of 344 and 731.
43
Calculate the greatest common divisor of 66 and 1661.
11
What is the highest common divisor of 18 and 306?
18
What is the greatest common factor of 124 and 1364?
124
What is the greatest common divisor of 1159 and 57?
19
Calculate the highest common factor of 310 and 1070.
10
What is the highest common divisor of 1551 and 33?
33
What is the highest common divisor of 2730 and 105?
105
Calculate the highest common divisor of 90 and 81.
9
Calculate the greatest common divisor of 273 and 182.
91
Calculate the greatest common factor of 57 and 1539.
57
Calculate the highest common divisor of 5032 and 1998.
74
Calculate the greatest common divisor of 198 and 253.
11
Calculate the highest common factor of 145 and 58.
29
Calculate the greatest common divisor of 4085 and 95.
95
What is the highest common divisor of 297 and 561?
33
Calculate the greatest common factor of 406 and 58.
58
Calculate the highest common divisor of 14432 and 96.
32
Calculate the highest common factor of 4172 and 28.
28
What is the greatest common divisor of 35411 and 17?
17
Calculate the highest common factor of 1735 and 40.
5
What is the highest common factor of 395 and 35?
5
What is the greatest common factor of 2 and 151?
1
What is the highest common divisor of 870 and 1590?
30
What is the highest common factor of 99 and 783?
9
What is the highest common factor of 34 and 238?
34
What is the highest common divisor of 918 and 51?
51
What is the greatest common divisor of 30 and 112170?
30
Calculate the greatest common factor of 102 and 17.
17
Calculate the greatest common divisor of 2030 and 70.
70
What is the highest common factor of 10 and 1230?
10
What is the highest common factor of 6 and 3351?
3
What is the highest common divisor of 10220 and 700?
140
What is the greatest common divisor of 882 and 270?
18
What is the greatest common divisor of 3006 and 36?
18
Calculate the highest common factor